{"id":18,"date":"2023-08-15T17:07:17","date_gmt":"2023-08-15T20:07:17","guid":{"rendered":"https:\/\/dev.selmec.com.br\/?page_id=18"},"modified":"2024-05-15T17:07:01","modified_gmt":"2024-05-15T20:07:01","slug":"blog","status":"publish","type":"page","link":"https:\/\/selmec.com.br\/index.php\/blog\/","title":{"rendered":"Blog"},"content":{"rendered":"\t\t<div data-elementor-type=\"wp-page\" data-elementor-id=\"18\" class=\"elementor elementor-18\" data-elementor-post-type=\"page\">\n\t\t\t\t\t\t\t\t\t<section class=\"elementor-section elementor-top-section elementor-element elementor-element-46f671d elementor-section-full_width elementor-section-height-default elementor-section-height-default\" data-id=\"46f671d\" data-element_type=\"section\">\n\t\t\t\t\t\t<div class=\"elementor-container elementor-column-gap-no\">\n\t\t\t\t\t<div class=\"elementor-column elementor-col-100 elementor-top-column elementor-element elementor-element-e3c99dc\" data-id=\"e3c99dc\" data-element_type=\"column\">\n\t\t\t<div class=\"elementor-widget-wrap elementor-element-populated\">\n\t\t\t\t\t\t\t\t<div class=\"elementor-element elementor-element-8bf76c5 elementor-widget elementor-widget-image\" data-id=\"8bf76c5\" data-element_type=\"widget\" data-widget_type=\"image.default\">\n\t\t\t\t<div class=\"elementor-widget-container\">\n\t\t\t<style>\/*! elementor - v3.15.0 - 02-08-2023 *\/\n.elementor-widget-image{text-align:center}.elementor-widget-image a{display:inline-block}.elementor-widget-image a img[src$=\".svg\"]{width:48px}.elementor-widget-image img{vertical-align:middle;display:inline-block}<\/style>\t\t\t\t\t\t\t\t\t\t\t\t<img decoding=\"async\" width=\"3508\" height=\"1240\" src=\"https:\/\/selmec.com.br\/wp-content\/uploads\/2024\/03\/Foto-principal-BLOG.png\" class=\"attachment-full size-full wp-image-1086\" alt=\"\" loading=\"lazy\" srcset=\"https:\/\/selmec.com.br\/wp-content\/uploads\/2024\/03\/Foto-principal-BLOG.png 3508w, https:\/\/selmec.com.br\/wp-content\/uploads\/2024\/03\/Foto-principal-BLOG-300x106.png 300w, https:\/\/selmec.com.br\/wp-content\/uploads\/2024\/03\/Foto-principal-BLOG-1024x362.png 1024w, https:\/\/selmec.com.br\/wp-content\/uploads\/2024\/03\/Foto-principal-BLOG-768x271.png 768w, https:\/\/selmec.com.br\/wp-content\/uploads\/2024\/03\/Foto-principal-BLOG-1536x543.png 1536w, https:\/\/selmec.com.br\/wp-content\/uploads\/2024\/03\/Foto-principal-BLOG-2048x724.png 2048w\" sizes=\"(max-width: 3508px) 100vw, 3508px\" \/>\t\t\t\t\t\t\t\t\t\t\t\t\t\t\t<\/div>\n\t\t\t\t<\/div>\n\t\t\t\t<div class=\"elementor-element elementor-element-d324e0b elementor-widget elementor-widget-heading\" data-id=\"d324e0b\" data-element_type=\"widget\" data-widget_type=\"heading.default\">\n\t\t\t\t<div class=\"elementor-widget-container\">\n\t\t\t<style>\/*! elementor - v3.15.0 - 02-08-2023 *\/\n.elementor-heading-title{padding:0;margin:0;line-height:1}.elementor-widget-heading .elementor-heading-title[class*=elementor-size-]>a{color:inherit;font-size:inherit;line-height:inherit}.elementor-widget-heading .elementor-heading-title.elementor-size-small{font-size:15px}.elementor-widget-heading .elementor-heading-title.elementor-size-medium{font-size:19px}.elementor-widget-heading .elementor-heading-title.elementor-size-large{font-size:29px}.elementor-widget-heading .elementor-heading-title.elementor-size-xl{font-size:39px}.elementor-widget-heading .elementor-heading-title.elementor-size-xxl{font-size:59px}<\/style><h2 class=\"elementor-heading-title elementor-size-default\">BLOG<\/h2>\t\t<\/div>\n\t\t\t\t<\/div>\n\t\t\t\t<div class=\"elementor-element elementor-element-1516fdc elementor-widget elementor-widget-text-editor\" data-id=\"1516fdc\" data-element_type=\"widget\" data-widget_type=\"text-editor.default\">\n\t\t\t\t<div class=\"elementor-widget-container\">\n\t\t\t<style>\/*! elementor - v3.15.0 - 02-08-2023 *\/\n.elementor-widget-text-editor.elementor-drop-cap-view-stacked .elementor-drop-cap{background-color:#69727d;color:#fff}.elementor-widget-text-editor.elementor-drop-cap-view-framed .elementor-drop-cap{color:#69727d;border:3px solid;background-color:transparent}.elementor-widget-text-editor:not(.elementor-drop-cap-view-default) .elementor-drop-cap{margin-top:8px}.elementor-widget-text-editor:not(.elementor-drop-cap-view-default) .elementor-drop-cap-letter{width:1em;height:1em}.elementor-widget-text-editor .elementor-drop-cap{float:left;text-align:center;line-height:1;font-size:50px}.elementor-widget-text-editor .elementor-drop-cap-letter{display:inline-block}<\/style>\t\t\t\t<p>Mat\u00e9rias e artigos relevantes para os diversos setores industriais<\/p>\t\t\t\t\t\t<\/div>\n\t\t\t\t<\/div>\n\t\t\t\t<div class=\"elementor-element elementor-element-b756ded elementor-widget-divider--view-line elementor-invisible elementor-widget elementor-widget-divider\" data-id=\"b756ded\" data-element_type=\"widget\" data-settings=\"{&quot;_animation&quot;:&quot;zoomIn&quot;}\" data-widget_type=\"divider.default\">\n\t\t\t\t<div class=\"elementor-widget-container\">\n\t\t\t<style>\/*! elementor - v3.15.0 - 02-08-2023 *\/\n.elementor-widget-divider{--divider-border-style:none;--divider-border-width:1px;--divider-color:#0c0d0e;--divider-icon-size:20px;--divider-element-spacing:10px;--divider-pattern-height:24px;--divider-pattern-size:20px;--divider-pattern-url:none;--divider-pattern-repeat:repeat-x}.elementor-widget-divider .elementor-divider{display:flex}.elementor-widget-divider .elementor-divider__text{font-size:15px;line-height:1;max-width:95%}.elementor-widget-divider .elementor-divider__element{margin:0 var(--divider-element-spacing);flex-shrink:0}.elementor-widget-divider .elementor-icon{font-size:var(--divider-icon-size)}.elementor-widget-divider .elementor-divider-separator{display:flex;margin:0;direction:ltr}.elementor-widget-divider--view-line_icon .elementor-divider-separator,.elementor-widget-divider--view-line_text .elementor-divider-separator{align-items:center}.elementor-widget-divider--view-line_icon .elementor-divider-separator:after,.elementor-widget-divider--view-line_icon .elementor-divider-separator:before,.elementor-widget-divider--view-line_text .elementor-divider-separator:after,.elementor-widget-divider--view-line_text .elementor-divider-separator:before{display:block;content:\"\";border-bottom:0;flex-grow:1;border-top:var(--divider-border-width) var(--divider-border-style) var(--divider-color)}.elementor-widget-divider--element-align-left .elementor-divider .elementor-divider-separator>.elementor-divider__svg:first-of-type{flex-grow:0;flex-shrink:100}.elementor-widget-divider--element-align-left .elementor-divider-separator:before{content:none}.elementor-widget-divider--element-align-left .elementor-divider__element{margin-left:0}.elementor-widget-divider--element-align-right .elementor-divider .elementor-divider-separator>.elementor-divider__svg:last-of-type{flex-grow:0;flex-shrink:100}.elementor-widget-divider--element-align-right .elementor-divider-separator:after{content:none}.elementor-widget-divider--element-align-right .elementor-divider__element{margin-right:0}.elementor-widget-divider:not(.elementor-widget-divider--view-line_text):not(.elementor-widget-divider--view-line_icon) .elementor-divider-separator{border-top:var(--divider-border-width) var(--divider-border-style) var(--divider-color)}.elementor-widget-divider--separator-type-pattern{--divider-border-style:none}.elementor-widget-divider--separator-type-pattern.elementor-widget-divider--view-line .elementor-divider-separator,.elementor-widget-divider--separator-type-pattern:not(.elementor-widget-divider--view-line) .elementor-divider-separator:after,.elementor-widget-divider--separator-type-pattern:not(.elementor-widget-divider--view-line) .elementor-divider-separator:before,.elementor-widget-divider--separator-type-pattern:not([class*=elementor-widget-divider--view]) .elementor-divider-separator{width:100%;min-height:var(--divider-pattern-height);-webkit-mask-size:var(--divider-pattern-size) 100%;mask-size:var(--divider-pattern-size) 100%;-webkit-mask-repeat:var(--divider-pattern-repeat);mask-repeat:var(--divider-pattern-repeat);background-color:var(--divider-color);-webkit-mask-image:var(--divider-pattern-url);mask-image:var(--divider-pattern-url)}.elementor-widget-divider--no-spacing{--divider-pattern-size:auto}.elementor-widget-divider--bg-round{--divider-pattern-repeat:round}.rtl .elementor-widget-divider .elementor-divider__text{direction:rtl}.e-con-inner>.elementor-widget-divider,.e-con>.elementor-widget-divider{width:var(--container-widget-width,100%);--flex-grow:var(--container-widget-flex-grow)}<\/style>\t\t<div class=\"elementor-divider\">\n\t\t\t<span class=\"elementor-divider-separator\">\n\t\t\t\t\t\t<\/span>\n\t\t<\/div>\n\t\t\t\t<\/div>\n\t\t\t\t<\/div>\n\t\t\t\t\t<\/div>\n\t\t<\/div>\n\t\t\t\t\t\t\t<\/div>\n\t\t<\/section>\n\t\t\t\t<section class=\"elementor-section elementor-top-section elementor-element elementor-element-6a24c7b0 elementor-section-boxed elementor-section-height-default elementor-section-height-default\" data-id=\"6a24c7b0\" data-element_type=\"section\" data-settings=\"{&quot;background_background&quot;:&quot;classic&quot;}\">\n\t\t\t\t\t\t<div class=\"elementor-container elementor-column-gap-default\">\n\t\t\t\t\t<div class=\"elementor-column elementor-col-100 elementor-top-column elementor-element elementor-element-4714e4db\" data-id=\"4714e4db\" data-element_type=\"column\">\n\t\t\t<div class=\"elementor-widget-wrap elementor-element-populated\">\n\t\t\t\t\t\t\t\t<div class=\"elementor-element elementor-element-38a65427 elementor-grid-3 elementor-grid-tablet-2 elementor-grid-mobile-1 elementor-posts--thumbnail-top elementor-card-shadow-yes elementor-posts__hover-gradient elementor-invisible elementor-widget elementor-widget-posts\" data-id=\"38a65427\" data-element_type=\"widget\" data-settings=\"{&quot;pagination_type&quot;:&quot;numbers_and_prev_next&quot;,&quot;_animation&quot;:&quot;fadeIn&quot;,&quot;cards_columns&quot;:&quot;3&quot;,&quot;cards_columns_tablet&quot;:&quot;2&quot;,&quot;cards_columns_mobile&quot;:&quot;1&quot;,&quot;cards_row_gap&quot;:{&quot;unit&quot;:&quot;px&quot;,&quot;size&quot;:35,&quot;sizes&quot;:[]},&quot;cards_row_gap_tablet&quot;:{&quot;unit&quot;:&quot;px&quot;,&quot;size&quot;:&quot;&quot;,&quot;sizes&quot;:[]},&quot;cards_row_gap_mobile&quot;:{&quot;unit&quot;:&quot;px&quot;,&quot;size&quot;:&quot;&quot;,&quot;sizes&quot;:[]}}\" data-widget_type=\"posts.cards\">\n\t\t\t\t<div class=\"elementor-widget-container\">\n\t\t\t<link rel=\"stylesheet\" href=\"https:\/\/selmec.com.br\/wp-content\/plugins\/elementor-pro\/assets\/css\/widget-posts.min.css\">\t\t<div class=\"elementor-posts-container elementor-posts elementor-posts--skin-cards elementor-grid\">\n\t\t\t\t<article class=\"elementor-post elementor-grid-item post-871 post type-post status-publish format-standard has-post-thumbnail hentry category-sem-categoria\">\n\t\t\t<div class=\"elementor-post__card\">\n\t\t\t\t<a class=\"elementor-post__thumbnail__link\" href=\"https:\/\/selmec.com.br\/index.php\/2023\/09\/28\/vao-da-grade-de-piso\/\" ><div class=\"elementor-post__thumbnail\"><img width=\"579\" height=\"630\" src=\"https:\/\/selmec.com.br\/wp-content\/uploads\/2023\/09\/Screenshot_30.jpg\" class=\"attachment-full size-full wp-image-948\" alt=\"\" decoding=\"async\" loading=\"lazy\" srcset=\"https:\/\/selmec.com.br\/wp-content\/uploads\/2023\/09\/Screenshot_30.jpg 579w, https:\/\/selmec.com.br\/wp-content\/uploads\/2023\/09\/Screenshot_30-276x300.jpg 276w\" sizes=\"(max-width: 579px) 100vw, 579px\" \/><\/div><\/a>\n\t\t\t\t<div class=\"elementor-post__text\">\n\t\t\t\t<h3 class=\"elementor-post__title\">\n\t\t\t<a href=\"https:\/\/selmec.com.br\/index.php\/2023\/09\/28\/vao-da-grade-de-piso\/\" >\n\t\t\t\tV\u00e3o da Grade de Piso\t\t\t<\/a>\n\t\t<\/h3>\n\t\t\t\t<div class=\"elementor-post__excerpt\">\n\t\t\t<p>Elemento chave na fabrica\u00e7\u00e3o das Grades de Piso Selmec\u00ae, para garantia do atendimento \u00e0s cargas informadas no cat\u00e1logo, \u00e9 imprescind\u00edvel que as barras portantes sejam<\/p>\n\t\t<\/div>\n\t\t\n\t\t<a class=\"elementor-post__read-more\" href=\"https:\/\/selmec.com.br\/index.php\/2023\/09\/28\/vao-da-grade-de-piso\/\" aria-label=\"Read more about V\u00e3o da Grade de Piso\" >\n\t\t\tLeia mais \u00bb\t\t<\/a>\n\n\t\t\t\t<\/div>\n\t\t\t\t\t<\/div>\n\t\t<\/article>\n\t\t\t\t<article class=\"elementor-post elementor-grid-item post-869 post type-post status-publish format-standard has-post-thumbnail hentry category-sem-categoria\">\n\t\t\t<div class=\"elementor-post__card\">\n\t\t\t\t<a class=\"elementor-post__thumbnail__link\" href=\"https:\/\/selmec.com.br\/index.php\/2023\/09\/28\/suportes-de-mola-e-seus-acessorios\/\" ><div class=\"elementor-post__thumbnail\"><img width=\"593\" height=\"877\" src=\"https:\/\/selmec.com.br\/wp-content\/uploads\/2023\/09\/Suporte-de-Mola-e-seus-Acessorios.jpg\" class=\"attachment-full size-full wp-image-891\" alt=\"\" decoding=\"async\" loading=\"lazy\" srcset=\"https:\/\/selmec.com.br\/wp-content\/uploads\/2023\/09\/Suporte-de-Mola-e-seus-Acessorios.jpg 593w, https:\/\/selmec.com.br\/wp-content\/uploads\/2023\/09\/Suporte-de-Mola-e-seus-Acessorios-203x300.jpg 203w\" sizes=\"(max-width: 593px) 100vw, 593px\" \/><\/div><\/a>\n\t\t\t\t<div class=\"elementor-post__text\">\n\t\t\t\t<h3 class=\"elementor-post__title\">\n\t\t\t<a href=\"https:\/\/selmec.com.br\/index.php\/2023\/09\/28\/suportes-de-mola-e-seus-acessorios\/\" >\n\t\t\t\tSuportes de Mola e seus Acess\u00f3rios\t\t\t<\/a>\n\t\t<\/h3>\n\t\t\t\t<div class=\"elementor-post__excerpt\">\n\t\t\t<p>S\u00e3o fabricados para aplica\u00e7\u00e3o principalmente em linhas quentes, podendo ser de cargas constantes e vari\u00e1veis. Nossos Suportes de Mola atendem as mais variadas cargas e<\/p>\n\t\t<\/div>\n\t\t\n\t\t<a class=\"elementor-post__read-more\" href=\"https:\/\/selmec.com.br\/index.php\/2023\/09\/28\/suportes-de-mola-e-seus-acessorios\/\" aria-label=\"Read more about Suportes de Mola e seus Acess\u00f3rios\" >\n\t\t\tLeia mais \u00bb\t\t<\/a>\n\n\t\t\t\t<\/div>\n\t\t\t\t\t<\/div>\n\t\t<\/article>\n\t\t\t\t<article class=\"elementor-post elementor-grid-item post-867 post type-post status-publish format-standard has-post-thumbnail hentry category-sem-categoria\">\n\t\t\t<div class=\"elementor-post__card\">\n\t\t\t\t<a class=\"elementor-post__thumbnail__link\" href=\"https:\/\/selmec.com.br\/index.php\/2023\/09\/28\/grades-de-piso\/\" ><div class=\"elementor-post__thumbnail\"><img width=\"2048\" height=\"1536\" src=\"https:\/\/selmec.com.br\/wp-content\/uploads\/2023\/09\/Grades-de-Piso.jpg\" class=\"attachment-full size-full wp-image-890\" alt=\"\" decoding=\"async\" loading=\"lazy\" srcset=\"https:\/\/selmec.com.br\/wp-content\/uploads\/2023\/09\/Grades-de-Piso.jpg 2048w, https:\/\/selmec.com.br\/wp-content\/uploads\/2023\/09\/Grades-de-Piso-300x225.jpg 300w, https:\/\/selmec.com.br\/wp-content\/uploads\/2023\/09\/Grades-de-Piso-1024x768.jpg 1024w, https:\/\/selmec.com.br\/wp-content\/uploads\/2023\/09\/Grades-de-Piso-768x576.jpg 768w, https:\/\/selmec.com.br\/wp-content\/uploads\/2023\/09\/Grades-de-Piso-1536x1152.jpg 1536w\" sizes=\"(max-width: 2048px) 100vw, 2048px\" \/><\/div><\/a>\n\t\t\t\t<div class=\"elementor-post__text\">\n\t\t\t\t<h3 class=\"elementor-post__title\">\n\t\t\t<a href=\"https:\/\/selmec.com.br\/index.php\/2023\/09\/28\/grades-de-piso\/\" >\n\t\t\t\tGrades de Piso\t\t\t<\/a>\n\t\t<\/h3>\n\t\t\t\t<div class=\"elementor-post__excerpt\">\n\t\t\t<p>Temos uma grande variedade de malhas, alturas e espessuras em nossas grades, sempre havendo uma que ir\u00e1 atender as vossas necessidades de cargas requeridas. Para<\/p>\n\t\t<\/div>\n\t\t\n\t\t<a class=\"elementor-post__read-more\" href=\"https:\/\/selmec.com.br\/index.php\/2023\/09\/28\/grades-de-piso\/\" aria-label=\"Read more about Grades de Piso\" >\n\t\t\tLeia mais \u00bb\t\t<\/a>\n\n\t\t\t\t<\/div>\n\t\t\t\t\t<\/div>\n\t\t<\/article>\n\t\t\t\t<article class=\"elementor-post elementor-grid-item post-865 post type-post status-publish format-standard has-post-thumbnail hentry category-sem-categoria\">\n\t\t\t<div class=\"elementor-post__card\">\n\t\t\t\t<a class=\"elementor-post__thumbnail__link\" href=\"https:\/\/selmec.com.br\/index.php\/2023\/09\/28\/degraus-para-escadas\/\" ><div class=\"elementor-post__thumbnail\"><img width=\"779\" height=\"1177\" src=\"https:\/\/selmec.com.br\/wp-content\/uploads\/2023\/09\/Degraus-para-Escadas-rotated.jpg\" class=\"attachment-full size-full wp-image-889\" alt=\"\" decoding=\"async\" loading=\"lazy\" srcset=\"https:\/\/selmec.com.br\/wp-content\/uploads\/2023\/09\/Degraus-para-Escadas-rotated.jpg 779w, https:\/\/selmec.com.br\/wp-content\/uploads\/2023\/09\/Degraus-para-Escadas-199x300.jpg 199w, https:\/\/selmec.com.br\/wp-content\/uploads\/2023\/09\/Degraus-para-Escadas-678x1024.jpg 678w, https:\/\/selmec.com.br\/wp-content\/uploads\/2023\/09\/Degraus-para-Escadas-768x1160.jpg 768w\" sizes=\"(max-width: 779px) 100vw, 779px\" \/><\/div><\/a>\n\t\t\t\t<div class=\"elementor-post__text\">\n\t\t\t\t<h3 class=\"elementor-post__title\">\n\t\t\t<a href=\"https:\/\/selmec.com.br\/index.php\/2023\/09\/28\/degraus-para-escadas\/\" >\n\t\t\t\tDegraus para Escadas\t\t\t<\/a>\n\t\t<\/h3>\n\t\t\t\t<div class=\"elementor-post__excerpt\">\n\t\t\t<p>Normalmente fabricamos nossos degraus em padr\u00f5es de malhas que acompanham as grades (por exemplo: grade de piso malha 35x100mm, o degrau tamb\u00e9m ser\u00e1 fabricado com<\/p>\n\t\t<\/div>\n\t\t\n\t\t<a class=\"elementor-post__read-more\" href=\"https:\/\/selmec.com.br\/index.php\/2023\/09\/28\/degraus-para-escadas\/\" aria-label=\"Read more about Degraus para Escadas\" >\n\t\t\tLeia mais \u00bb\t\t<\/a>\n\n\t\t\t\t<\/div>\n\t\t\t\t\t<\/div>\n\t\t<\/article>\n\t\t\t\t<\/div>\n\t\t\n\t\t\t\t<\/div>\n\t\t\t\t<\/div>\n\t\t\t\t\t<\/div>\n\t\t<\/div>\n\t\t\t\t\t\t\t<\/div>\n\t\t<\/section>\n\t\t\t\t\t\t\t<\/div>\n\t\t","protected":false},"excerpt":{"rendered":"<p>BLOG Mat\u00e9rias e artigos relevantes para os diversos setores industriais<\/p>\n","protected":false},"author":3,"featured_media":0,"parent":0,"menu_order":0,"comment_status":"closed","ping_status":"closed","template":"elementor_header_footer","meta":[],"_links":{"self":[{"href":"https:\/\/selmec.com.br\/index.php\/wp-json\/wp\/v2\/pages\/18"}],"collection":[{"href":"https:\/\/selmec.com.br\/index.php\/wp-json\/wp\/v2\/pages"}],"about":[{"href":"https:\/\/selmec.com.br\/index.php\/wp-json\/wp\/v2\/types\/page"}],"author":[{"embeddable":true,"href":"https:\/\/selmec.com.br\/index.php\/wp-json\/wp\/v2\/users\/3"}],"replies":[{"embeddable":true,"href":"https:\/\/selmec.com.br\/index.php\/wp-json\/wp\/v2\/comments?post=18"}],"version-history":[{"count":91,"href":"https:\/\/selmec.com.br\/index.php\/wp-json\/wp\/v2\/pages\/18\/revisions"}],"predecessor-version":[{"id":1220,"href":"https:\/\/selmec.com.br\/index.php\/wp-json\/wp\/v2\/pages\/18\/revisions\/1220"}],"wp:attachment":[{"href":"https:\/\/selmec.com.br\/index.php\/wp-json\/wp\/v2\/media?parent=18"}],"curies":[{"name":"wp","href":"https:\/\/api.w.org\/{rel}","templated":true}]}}